7, 5107
List the prime factors of 772065162.
2, 3, 11, 37, 35129
What are the prime factors of 82574980?
2, 5, 4128749
What are the prime factors of 1035271081?
13, 79636237
List the prime factors of 4053732433.
17, 29, 71, 115811
What are the prime factors of 2189515044?
2, 3, 182459587
What are the prime factors of 427630786?
2, 11, 43, 452041
What are the prime factors of 401335011?
3, 7, 11, 271, 2137
List the prime factors of 6141155.
5, 211, 5821
List the prime factors of 4481645744.
2, 109, 2569751
List the prime factors of 64542453.
3, 61, 352691
What are the prime factors of 2577033959?
2577033959
List the prime factors of 3259757153.
3259757153
What are the prime factors of 145157660?
2, 5, 37, 196159
List the prime factors of 115866441.
3, 17, 757297
What are the prime factors of 2501652858?
2, 3, 127, 3283009
What are the prime factors of 2493926065?
5, 41, 12165493
What are the prime factors of 928960775?
5, 179, 207589
What are the prime factors of 144730546?
2, 72365273
List the prime factors of 15916242.
2, 3, 61, 43487
List the prime factors of 1932519319.
17, 467, 243421
What are the prime factors of 305257844?
2, 37, 2062553
List the prime factors of 33154577.
2237, 14821
What are the prime factors of 692742847?
41, 16896167
List the prime factors of 404466515.
5, 80893303
What are the prime factors of 256199222?
2, 128099611
List the prime factors of 278599264.
2, 17, 41, 12491
List the prime factors of 176952317.
23, 883, 8713
What are the prime factors of 70771462?
2, 197, 179623
List the prime factors of 1575090540.
2, 3, 5, 1879, 4657
What are the prime factors of 2524664960?
2, 5, 3944789
List the prime factors of 806525925.
3, 5, 1789, 6011
What are the prime factors of 30008340?
2, 3, 5, 61, 911
What are the prime factors of 534294944?
2, 41, 283, 1439
List the prime factors of 90019198.
2, 2441, 18439
What are the prime factors of 502456323?
3, 127, 1318783
List the prime factors of 362415392.
2, 557, 20333
List the prime factors of 91008491.
7, 13001213
What are the prime factors of 14069841?
3, 4689947
List the prime factors of 53138185.
5, 31, 131, 2617
List the prime factors of 158056129.
7, 11, 191, 977
List the prime factors of 396018998.
2, 157, 479, 2633
List the prime factors of 63287224.
2, 7, 11, 13, 1129
What are the prime factors of 47938313?
47938313
What are the prime factors of 39156733?
7, 11, 72647
List the prime factors of 12267865.
5, 2453573
What are the prime factors of 4331590863?
3, 1443863621
List the prime factors of 386088127.
47, 283, 29027
What are the prime factors of 432546213?
3, 11, 13107461
What are the prime factors of 108418166?
2, 54209083
List the prime factors of 30247433.
30247433
What are the prime factors of 1189606863?
3, 1229, 322649
What are the prime factors of 58312122?
2, 3, 11, 883517
List the prime factors of 1250567077.
79, 15829963
List the prime factors of 345541726.
2, 2081, 83023
What are the prime factors of 168216994?
2, 11, 19, 29, 13877
What are the prime factors of 41365422?
2, 3, 7, 233, 1409
List the prime factors of 1770141.
3, 83, 7109
List the prime factors of 2859621308.
2, 859, 832253
What are the prime factors of 1607192345?
5, 11, 29221679
List the prime factors of 2259985145.
5, 11, 131, 313669
List the prime factors of 270907795.
5, 19, 2851661
What are the prime factors of 1505856436?
2, 7, 29, 37847
What are the prime factors of 5678351?
7, 811193
What are the prime factors of 192027800?
2, 5, 960139
What are the prime factors of 116054611?
199, 583189
List the prime factors of 629897235.
3, 5, 11, 3817559
List the prime factors of 686364659.
686364659
List the prime factors of 277054478.
2, 2851, 48589
List the prime factors of 3092234576.
2, 43, 4494527
What are the prime factors of 898134527?
4457, 201511
What are the prime factors of 382031949?
3, 13, 463, 21157
What are the prime factors of 7324656669?
3, 11, 17, 4352143
What are the prime factors of 12581965?
5, 11, 103, 2221
What are the prime factors of 167575195?
5, 29, 79, 14629
List the prime factors of 44044820.
2, 5, 131, 16811
What are the prime factors of 297892854?
2, 3, 7, 67, 71
List the prime factors of 14817004.
2, 3704251
List the prime factors of 1373590025.
5, 149, 283, 1303
What are the prime factors of 299432723?
19, 47, 547, 613
List the prime factors of 75811276.
2, 18952819
List the prime factors of 1346000633.
4463, 301591
What are the prime factors of 263596055?
5, 103, 487, 1051
What are the prime factors of 34245286?
2, 43, 491, 811
List the prime factors of 1471455953.
11, 97, 283, 443
What are the prime factors of 757073110?
2, 5, 283, 267517
List the prime factors of 48390179.
43, 26171
What are the prime factors of 37404422?
2, 11, 233, 7297
What are the prime factors of 182336699?
31, 73, 197, 409
List the prime factors of 182809077.
3, 11, 31, 83, 2153
What are the prime factors of 151127884?
2, 37781971
List the prime factors of 1612990305.
3, 5, 151, 237379
What are the prime factors of 2185613185?
5, 7, 62446091
List the prime factors of 841363936.
2, 7, 101, 37189
What are the prime factors of 38533811?
281, 137131
What are the prime factors of 217329652?
2, 54332413
List the prime factors of 629378151.
3, 31, 71, 95317
List the prime factors of 4964201.
11, 59, 7649
What are the prime factors of 76569292?
2, 17, 523, 2153
List the prime factors of 131714594.
2, 11, 197, 30391
What are the prime factors of 81855089?
179, 431, 1061
List the prime factors of 2804107417.
1123, 2496979
What are the prime factors of 61187855?
5, 223, 54877
What are the prime factors of 297986851?
1307, 227993
List the prime factors of 2416484910.
2, 3, 5, 7, 11507071
What are the prime factors of 545986075?
5, 23, 47, 89, 227
What are the prime factors of 169716024?
2, 3, 2357167
List the prime factors of 265150517.
383, 692299
What are the prime factors of 316724494?
2, 107, 1480021
List the prime factors of 458060941.
13, 439, 80263
List the prime factors of 2283700112.
2, 142731257
List the prime factors of 1103707132.
2, 11, 641, 39133
What are the prime factors of 87241672?
2, 7, 229, 6803
What are the prime factors of 155132374?
2, 8467, 9161
List the prime factors of 910089879.
3, 179, 1694767
List the prime factors of 10796022.
2, 3, 599779
List the prime factors of 55282176.
2, 3, 31, 43
What are the prime factors of 476529845?
5, 11, 37, 234167
List the prime factors of 48242008.
2, 587, 10273
What are the prime factors of 742409891?
521, 601, 2371
What are the prime factors of 3675851384?
2, 17, 29, 137, 6803
List the prime factors of 29586937.
29586937
What are the prime factors of 40939138?
2, 101, 389, 521
List the prime factors of 2087514200.
2, 5, 10437571
List the prime factors of 34526813.
17, 1283, 1583
List the prime factors of 129442519.
59, 2193941
List the prime factors of 4056544.
2, 109, 1163
List the prime factors of 3035700930.
2, 3, 5, 83, 113, 10789
What are the prime factors of 1143415391?
23269, 49139
List the prime factors of 11124046.
2, 1373, 4051
List the prime factors of 104381191.
104381191
List the prime factors of 1159229451.
3, 2339, 165203
What are the prime factors of 621518252?
2, 155379563
What are the prime factors of 3650216040?
2, 3, 5, 883, 11483
What are the prime factors of 109967693?
11, 9997063
What are the prime factors of 31765791?
3, 89, 118973
What are the prime factors of 183148816?
2, 23, 37, 13451
What are the prime factors of 1574796357?
3, 109, 535099
What are the prime factors of 3085514620?
2, 5, 17, 9075043
List the prime factors of 108276434.
2, 7, 17, 454943
What are the prime factors of 24081018?
2, 3, 13, 19, 16249
What are the prime factors of 419879109?
3, 13, 10766131
List the prime factors of 28868539.
7, 467, 8831
What are the prime factors of 31642364?
2, 13, 29, 20983
What are the prime factors of 107586482?
2, 53793241
What are the prime factors of 392819237?
41, 103, 167, 557
List the prime factors of 14308489.
13, 1100653
List the prime factors of 270332839.
7, 38618977
List the prime factors of 66132935.
5, 11, 23, 2273
What are the prime factors of 96711236?
2, 24177809
What are the prime factors of 103990407?
3, 953, 36373
What are the prime factors of 2190217221?
3, 1123, 216703
List the p